ple of 63?
False
Is 158 a multiple of 10?
False
Is 56382 a multiple of 231?
False
Is 36 a factor of 4801?
False
Is 505 a multiple of 42?
False
Is 8 a factor of 59460?
False
Is 103 a factor of 6340?
False
Is 1822 a multiple of 4?
False
Is 5 a factor of 4195?
True
Is 1569 even?
False
Does 64 divide 1140?
False
Is 21616 a multiple of 14?
True
Is 6 a factor of 750?
True
Is 13 a factor of 1079?
True
Is 4719 a multiple of 11?
True
Does 17 divide 5477?
False
Does 11 divide 10962?
False
Is 76 a factor of 4059?
False
Does 14 divide 629?
False
Is 103725 a multiple of 225?
True
Is 10511 a multiple of 6?
False
Is 13 a factor of 7702?
False
Is 2649 a multiple of 76?
False
Is 23 a factor of 6993?
False
Is 604 a multiple of 10?
False
Is 24 a factor of 21384?
True
Is 14 a factor of 4578?
True
Is 885 a multiple of 6?
False
Is 11690 a multiple of 14?
True
Does 8 divide 267?
False
Is 47 a factor of 188?
True
Is 24 a factor of 11370?
False
Does 83 divide 663?
False
Does 31 divide 15821?
False
Is 75 a multiple of 4?
False
Is 26 a factor of 1872?
True
Does 50 divide 1393?
False
Is 1054 a multiple of 31?
True
Is 20 a factor of 38835?
False
Does 8 divide 14888?
True
Does 64 divide 84?
False
Is 77 a factor of 54472?
False
Is 22 a factor of 2024?
True
Is 1011 a multiple of 52?
False
Is 8678 a multiple of 74?
False
Does 15 divide 45675?
True
Is 9342 a multiple of 18?
True
Is 22 a factor of 1254?
True
Is 2 a factor of 192?
True
Is 52 a multiple of 14?
False
Is 30744 a multiple of 18?
True
Is 7040 a multiple of 22?
True
Is 61 a factor of 21331?
False
Is 264 a multiple of 22?
True
Does 25 divide 9775?
True
Does 5 divide 1155?
True
Is 2201 a multiple of 31?
True
Is 10 a factor of 7220?
True
Is 91 a factor of 1810?
False
Is 11 a factor of 2110?
False
Does 13 divide 11144?
False
Is 3082 a multiple of 86?
False
Is 218 a multiple of 53?
False
Is 3096 a multiple of 8?
True
Is 1015 a multiple of 35?
True
Does 38 divide 8170?
True
Is 53 a factor of 261?
False
Is 108 a multiple of 5?
False
Is 8260 a multiple of 58?
False
Is 10 a factor of 290?
True
Does 12 divide 1888?
False
Is 16 a factor of 1312?
True
Is 29 a factor of 86?
False
Is 10 a factor of 692?
False
Does 12 divide 54216?
True
Is 23413 a multiple of 97?
False
Is 1338 a multiple of 6?
True
Does 73 divide 27279?
False
Does 8 divide 432?
True
Is 696 a multiple of 12?
True
Is 14090 a multiple of 9?
False
Is 52 a factor of 1032?
False
Is 24 a factor of 5424?
True
Does 198 divide 594?
True
Is 84735 a multiple of 9?
True
Does 44 divide 925?
False
Is 313 a multiple of 31?
False
Is 8 a factor of 332?
False
Is 29 a factor of 203?
True
Is 2 a factor of 101?
False
Does 9 divide 585?
True
Is 233 a factor of 158207?
True
Is 28 a factor of 560?
True
Is 15 a factor of 246?
False
Is 14 a factor of 778?
False
Is 10 a factor of 1576?
False
Is 14256 a multiple of 8?
True
Is 415 a multiple of 42?
False
Does 69 divide 2277?
True
Is 18858 a multiple of 497?
False
Is 2938 a multiple of 23?
False
Is 383 a multiple of 9?
False
Is 19 a factor of 76?
True
Does 13 divide 106414?
False
Is 248 a factor of 74152?
True
Does 18 divide 4878?
True
Does 70 divide 980?
True
Does 36 divide 160?
False
Is 74 a factor of 6814?
False
Does 26 divide 33693?
False
Is 2619 a multiple of 120?
False
Is 44 a factor of 1056?
True
Is 1154 a multiple of 56?
False
Does 13 divide 936?
True
Is 138 a multiple of 23?
True
Does 23 divide 152444?
True
Is 8 a factor of 200?
True
Is 3504 a multiple of 73?
True
Is 77038 a multiple of 20?
False
Does 68 divide 1237?
False
Is 5208 a multiple of 6?
True
Is 602 a multiple of 14?
True
Is 56 a factor of 3228?
False
Is 13626 a multiple of 3?
True
Is 42 a factor of 7110?
False
Does 65 divide 77589?
False
Does 33 divide 41927?
False
Is 5 a factor of 30268?
False
Is 11002 a multiple of 254?
False
Is 3 a factor of 1392?
True
Is 13 a factor of 3887?
True
Is 23662 a multiple of 173?
False
Does 33 divide 16665?
True
Is 29 a factor of 493?
True
Is 126 a factor of 20790?
True
Is 1178 a multiple of 31?
True
Is 20 a factor of 4853?
False
Is 384 a multiple of 44?
False
Is 78 a factor of 133617?
False
Does 55 divide 20790?
True
Is 5 a factor of 8290?
True
Does 12 divide 720?
True
Does 53 divide 689?
True
Is 556 a multiple of 51?
False
Is 33 a factor of 16269?
True
Is 630 a multiple of 15?
True
Is 11 a factor of 5148?
True
Is 3584 a multiple of 16?
True
Is 10 a factor of 23050?
True
Is 18 a factor of 145011?
False
Is 105 a factor of 5396?
False
Is 50 a factor of 464?
False
Is 35827 a multiple of 11?
True
Is 8067 a multiple of 4?
False
Is 41 a factor of 902?
True
Does 68 divide 18428?
True
Is 2973 a multiple of 8?
False
Is 30 a factor of 72900?
True
Is 4 a factor of 20354?
False
Is 19215 a multiple of 45?
True
Is 806 a multiple of 13?
True
Is 18 a factor of 441?
False
Does 6 divide 13697?
False
Is 2016 a multiple of 36?
True
Is 3750 a multiple of 50?
True
Is 221 a multiple of 5?
False
Is 2730 a multiple of 39?
True
Does 8 divide 3248?
True
Does 6 divide 2046?
True
Does 14 divide 14616?
True
Is 31907 a multiple of 13?
False
Is 47 a factor of 2961?
True
Does 93 divide 1581?
True
Is 35715 a multiple of 25?
False
Is 149 even?
False
Does 8 divide 673?
False
Does 18 divide 540?
True
Does 20 divide 19052?
False
Is 231 a factor of 11447?
False
Is 4 a factor of 299?
False
Does 33 divide 12437?
False
Is 11 a factor of 464?
False
Does 129 divide 15093?
True
Is 6586 a multiple of 65?
False
Is 21042 a multiple of 60?
False
Is 1986 a multiple of 57?
False
Is 2 a factor of 90?
True
Is 422 a multiple of 36?
False
Is 20 a factor of 520?
True
Is 1793 a multiple of 19?
False
Is 12 a factor of 204?
True
Does 3 divide 11320?
False
Is 28 a factor of 5606?
False
Is 35797 a multiple of 15?
False
Does 76 divide 836?
True
Is 34 a factor of 845?
False
Does 235 divide 26977?
False
Is 2 a factor of 66?
True
Is 468 a multiple of 9?
True
Does 4 divide 30209?
False
Is 45 a factor of 27441?
False
Is 1998 a multiple of 9?
True
Is 66 a factor of 2178?
True
Does 15 divide 13570?
False
Does 3 divide 3235?
False
Does 56 divide 840?
True
Is 14 a factor of 6230?
True
Does 22 divide 1474?
True
Is 50 a factor of 40800?
True
Is 7 a factor of 455?
True
Does 96 divide 9260?
False
Does 27 divide 22977?
True
Is 20 a factor of 7159?
False
Is 1339 a multiple of 4?
False
Does 17 divide 1955?
True
Is 353 a factor of 31064?
True
Does 4 divide 501?
False
Does 79 divide 1343?
True
Is 3759 a multiple of 40?
False
Is 12932 a multiple of 122?
True
Is 156 a multiple of 156?
True
Is 1140 a multiple of 5?
True
Is 25 a factor of 1725?
True
Does 21 divide 137?
False
Is 815 a multiple of 5?
True
Is 6 a factor of 10422?
True
Is 2805 a multiple of 51?
True
Is 40 a factor of 3320?
True
Does 11 divide 572?
True
Is 108 a factor of 36978?
False
Is 6525 a multiple of 8?
False
Does 10 divide 1120?
True
Does 32 divide 120?
False
Does 8 divide 496?
True
Does 9 divide 9007?
False
Does 17 divide 93?
False
Is 361 a multiple of 19?
True
Is 11 a factor of 455?
False
Is 4064 a multiple of 32?
True
Is 14107 a multiple of 12?
False
Does 35 divide 48930?
True
Is 3382 a multiple of 55?
False
Is 1752 a multiple of 15?
False
Is 10 a factor of 32063?
False
Does 39 divide 651?
False
Is 16 a factor of 14150?
False
Is 192 a multiple of 3?
True
Does 3 divide 324?
True
Is 32 a factor of 192?
True
Is 584 a multiple of 8?
True
Is 15 a factor of 317?
False
Does 18 divide 3222?
True
Is 4 a factor of 4352?
True
Is 546 a multiple of 21?
True
Is 9 a factor of 2675?
False
Does 51 divide 8670?
True
Is 24576 a multiple of 24?
True
Is 2 a factor of 3393?
False
Does 74 divide 12083?
False
Is 273 a multiple of 25?
False
Is 3329 a multiple of 75?
False
Does 12 divide 1236?
True
Is 480 a multiple of 120?
True
Is 12 a factor of 3360?
True
Does 245 divide 69825?
True
Is 325 a multiple of 17?
False
Is 963 a multiple of 9?
True
Is 22 a factor of 531?
False
Does 4 divide 320?
True
Is 195 a multiple of 19?
False
Is 14 a factor of 8974?
True
Is 15327 a multiple of 26?
False
Is 26350 a multiple of 25?
True
Does 48 divide 10354?
False
Is 9 a factor of 2629?
False
Is 12 a factor of 5167?
False
Does 8 divide 1266?
False
Is 16 a factor of 2688?
True
Is 44 a factor of 132?
True
Does 8 divide 1596?
False
Is 10 a factor of 510?
True
Does 28 divide 644?
True
Is 6080 a mul